s digit of d?
6
Suppose -26 + 2 = -i. What is the units digit of i?
4
Suppose 6*z - 179 - 7 = 0. What is the units digit of z?
1
Let q(v) = 16*v + 51. What is the units digit of q(7)?
3
What is the units digit of ((-18)/7)/(1/(-7))?
8
Let k be 0 - 3 - (-66)/6. What is the tens digit of -2*4*(-36)/k?
3
Let c be 2*(2 - (-21)/(-6)). Let g(i) = -i**3 + i**2 - i - 1. Let n(p) = p**3 - 2*p**2 + 6*p. Let q(l) = c*g(l) - n(l). What is the units digit of q(2)?
9
Let i be (2/3)/((-10)/(-30)). Suppose i*q - 65 = -15. What is the tens digit of q?
2
Let b be -1 - (0/3)/(-2). Let x = b - -1. Suppose -4*q + 7 = h, x*h = h + q - 4. What is the units digit of h?
3
Let d be 10*-2 + 0 - 1. Let y = -14 + 2. Let s = y - d. What is the units digit of s?
9
Let k(n) = -n**3 - 10*n**2 - 16*n + 5. Let x(d) = -d**3 - 10*d**2 - 17*d + 6. Let h(u) = -6*k(u) + 5*x(u). What is the tens digit of h(-8)?
4
What is the units digit of 36*(-4 - 66/(-9))?
0
Suppose -5*c + 4*w = -358 - 102, 4*w = 3*c - 268. Suppose -c = -0*q - 4*q. What is the tens digit of q?
2
Let w be (0 + 3/(-6))*-118. Suppose -4*r + 105 = -w. What is the tens digit of r?
4
Let n = 1 + -3. Let r be (-2 - -4) + (-1 - 17). What is the units digit of (r/(-20))/(n/(-5))?
2
Let x = 88 + -56. What is the units digit of x?
2
Suppose 5*y - 2*q - 26 = 0, -y + 5*q + 9 = -10. Suppose 2*k - 3*n - y = 0, -4*n + 5 + 3 = 0. What is the units digit of k?
5
Let c(p) = -2*p - 9. Let m be c(-9). Suppose -f = 2*f - m. What is the units digit of f?
3
Suppose 5*q - 2*q - 3 = 0. Suppose -j + q = -13. What is the tens digit of j?
1
Let t(y) = 10*y + 2 - y**2 + 2 - 4. What is the units digit of t(7)?
1
Suppose -2*z - 3 = -7. Suppose -6 = -3*x + z*m + 15, -5*x = -2*m - 35. What is the units digit of (3/3)/1 + x?
8
Let f(a) = -a - 1. Suppose -108 = -5*c - 3*n + 59, 0 = -4*c + 5*n + 104. Suppose 3 - c = 4*p. What is the units digit of f(p)?
6
Let j(g) = -2*g - 3 - 5*g - 3. Let q be j(6). What is the units digit of 4/6 + q/(-9)?
6
Suppose -688 = -4*j + 4*x, -5*j - 2*x = -10*j + 875. What is the tens digit of j?
7
Suppose 4*z - 5 = -1. Let y be z/2 - 10/(-4). Suppose y*l = 2*b - 0*b + 15, -9 = -3*l + 4*b. What is the units digit of l?
7
Let i = 9 - 4. Suppose i*a - 3*a = 38. What is the units digit of a?
9
Let a(r) be the third derivative of 11*r**6/720 - r**5/60 - r**4/24 + 3*r**2. Let c(p) be the second derivative of a(p). What is the tens digit of c(2)?
2
Let w(m) = -1. Let t(o) = 2*o - 8. Let q(j) = t(j) + 3*w(j). What is the units digit of q(8)?
5
Let b be 1*(27 + 1 + 1). Suppose 0*i + i = a + b, -5*a = 3*i - 79. What is the tens digit of i?
2
Suppose -4*r + 20 = r. Suppose 2*d - r = 0, 2 = t + 2*d - 4. What is the units digit of t?
2
Let y(x) = 11*x**2 - 2*x + 1. Let r be y(1). What is the units digit of r/4*2 - -2?
7
Suppose 0*y - 2*y + 6 = 0. Let d(x) = -2*x + y + 1 - 7. What is the tens digit of d(-7)?
1
Suppose -2 = -3*r - i + 16, 2*i - 11 = -r. Let d be 2 + (2 - -1) + 0. Suppose 3*u = d*g + r, 4*u + 14 = -g + 36. What is the units digit of g?
2
Let z = 158 - 51. What is the hundreds digit of z?
1
Let v = -1 + 30. What is the units digit of v?
9
Suppose -z - 14 = 26. Let u = z + 56. What is the units digit of u?
6
Suppose -3*q + q + 5*o + 337 = 0, q + 2*o = 146. What is the units digit of q?
6
Suppose -1 - 7 = -2*z. Let q(f) = 8 + 9*f**2 + f**3 + 16*f - z*f**3 + 4*f**3 - 8*f. What is the units digit of q(-8)?
8
What is the hundreds digit of ((-7450)/(-15))/5*(-3)/(-2)?
1
Let l be ((-8)/(-14))/(4/14). Let n be l + 0 - (1 - 2). Suppose n*m - 18 = m. What is the units digit of m?
9
Let o(k) = -6*k - k - 6 + k + k. What is the units digit of o(-4)?
4
Let b(n) = -3*n - 18. Let p be b(-6). Suppose p = -0*r - 4*r + 68. What is the tens digit of r?
1
Let u(p) = -8*p + 7. What is the tens digit of u(-2)?
2
Suppose 0 = 10*g - 935 - 135. What is the hundreds digit of g?
1
Let w be 173 - 1/(2/(-4)). Suppose 6*y = y + w. What is the tens digit of y?
3
Let n = -11 + 32. What is the tens digit of n?
2
Let t(v) = 19*v**3 - 3*v**2 - v + 3. What is the hundreds digit of t(2)?
1
Let u = -19 - -27. Let j = u + 7. What is the tens digit of j?
1
Suppose -f = 4*m - 93, -4*m + 99 = -f - 0*f. What is the units digit of m?
4
Let s(j) = -j**2 + 11*j + 1. Let y be s(6). Suppose 2*c - y = 5*z, z = c + 6*z + 22. What is the units digit of c?
3
Let s(c) = -c + 13. Let o be s(7). Let d(v) = 2*v + o*v**2 - 3*v**2 - 2*v**3 + v**3. What is the units digit of d(2)?
8
Suppose -5*w + 25 = -5*g, -16 = 3*g + g. What is the units digit of (w + -2)*-2 + 1?
3
Suppose 2*x = 1 + 3. Let y = x - -2. What is the units digit of y?
4
Suppose -13*c + 163 = -12*c. What is the tens digit of c?
6
Let t = 44 - 13. What is the tens digit of t?
3
Let t = 32 - -50. What is the units digit of t?
2
Let z be 2/2 + 7/(-1). Let d(o) = -2*o**3 - o**2 + 2*o + 1. Let p be d(-2). What is the units digit of ((-4)/z)/(6/p)?
1
Let j(y) = -y**2 - 5*y + 1. Let u(h) = 2*h + 0*h + 3*h. Let b be u(-1). What is the units digit of j(b)?
1
Suppose -4*m = -4*v + 44, -2*m - 5*v - 35 = -m. Let b = 73 + -38. Let c = m + b. What is the units digit of c?
0
Let o = -98 - -188. What is the tens digit of o/8 - 1/4?
1
Let d(p) = -4*p - 1. Let q(l) = -l**3 - 4*l**2 - 3*l. Let t be q(-2). Let w = t + 0. What is the units digit of d(w)?
7
Suppose -3*h + 14 = y, 2*y + 2*y - 20 = 0. What is the units digit of h?
3
What is the tens digit of (1 + 5)*(385/15 - 6)?
1
Let o(h) = 71*h + 2. What is the hundreds digit of o(2)?
1
Let x(f) = f + 34. What is the units digit of x(0)?
4
Suppose 475 = 10*l - 5*l. What is the units digit of l?
5
Suppose -s = 2*f - 5, f - 10 = -2*s - 0*f. Let r = s + 1. What is the units digit of r/(-15) - (-22)/5?
4
Suppose 2*r - 7*r + 228 = m, -2*m - 39 = -r. What is the units digit of r?
5
Let s(j) = 6*j**2 + 6*j - 1. What is the units digit of s(-3)?
5
Suppose 0 = 4*f - 4 + 12. Let l be 10 + (0 + f)/(-2). Suppose 3*k - l = 4. What is the units digit of k?
5
Let u = 6 + -7. Let c(i) = 14*i**2 - 2*i - 1. What is the units digit of c(u)?
5
Suppose 0 = -5*t + 3*t + 12. What is the units digit of 2/(-6)*(3 - t)?
1
Suppose 3*g = -2*g + 130. Suppose 5*u - g = 59. What is the units digit of u?
7
Suppose 2 = -2*r + 4. Let t be (r - 9/6)*-8. Suppose 41 = t*c + 1. What is the units digit of c?
0
Let i = 91 + -43. Let s be 2/6 + (-42)/(-9). Suppose -s*g = -g - i. What is the units digit of g?
2
Let p(q) = 5*q**2 + q + 2. Let f be p(-5). Suppose 0 = 5*r + 5*t - 8 - f, 0 = -2*t - 8. What is the units digit of r?
0
Let v = -1 + 6. Suppose 5 + 0 = l + v*h, -3*l + 29 = h. What is the tens digit of l?
1
Let u = 3 + 0. Suppose 38 = u*t - 82. What is the units digit of t?
0
Let y(g) = g**2 - 4*g + 1. What is the tens digit of y(-5)?
4
Let d = -126 + 237. What is the units digit of d?
1
Let m = -2 + 4. Let q = 0 - 0. Suppose m*o + q*o = 12. What is the units digit of o?
6
Suppose 0 = 3*f - 4*f - 11. Let y(m) = -3*m - 16. What is the units digit of y(f)?
7
Let g(j) = 2*j + 2. Let v = 13 - 8. What is the units digit of g(v)?
2
Let k(r) be the third derivative of r**4/8 - 3*r**3/2 - 2*r**2. What is the tens digit of k(7)?
1
Let a(i) = 3*i - 16. Let g be a(8). Suppose -5*z + g*z = 12. What is the units digit of z?
4
Suppose 19*u - 81 = 18*u. What is the tens digit of u?
8
Let l be -1*11*(2 + -3). Suppose l = 4*o - 2*p - 3, -p + 23 = 3*o. What is the units digit of o?
6
What is the tens digit of -2 + -4*(-17)/2?
3
Let n(b) = -6*b**3 + 0*b + 9*b**3 - 2*b**3 - b + 9. Let d = 1 - 1. What is the units digit of n(d)?
9
Suppose -4*t - 3*f + 9 = 0, 6*t - 5*t = 2*f + 5. Suppose t*o - 11 - 19 = 0. What is the units digit of o?
0
Suppose -10*x = -11*x + 328. What is the hundreds digit of x?
3
Suppose w - 6 = -5*i, -5*i + 5*w + 22 = 2*w. Let r be 1 - i - -6 - 2. Suppose z = -4, r*x - 2*z - 15 = z. What is the units digit of x?
1
Suppose 0 = -t - 4*t + 3*p + 21, 5*t + 2*p - 11 = 0. Let d(z) = -z**3 + 3*z**2 + 2*z + 4. What is the units digit of d(t)?
0
Let g(s) = -2*s + 2. Let i be g(2). Let d(a) = -2*a**2 - 2*a - 3. Let f be d(i). Let x = f + 17. What is the units digit of x?
0
Let k be 8/12 - (-14)/6. Suppose 7 + 2 = k*n. Suppose -n*t = -61 + 22. What is the units digit of t?
3
Let q = 18 + -16. Suppose -q*a + k + 27 = 0, -3*a + 4